{"id":621,"date":"2017-12-15T17:39:18","date_gmt":"2017-12-15T17:39:18","guid":{"rendered":"https:\/\/archivoprensa.cinep.org.co\/nocheyniebla\/?page_id=621"},"modified":"2019-05-01T16:12:00","modified_gmt":"2019-05-01T16:12:00","slug":"marcos-conceptuales","status":"publish","type":"page","link":"https:\/\/www.nocheyniebla.org\/?page_id=621","title":{"rendered":"Marcos conceptuales"},"content":{"rendered":"<p>El <strong>Banco de Datos de Derechos Humanos y Violencia Pol\u00edtica<\/strong> ha adaptado sus marcos te\u00f3ricos y conceptuales de acuerdo a las din\u00e1micas del conflicto armado, infracciones al Derecho Internacional Humanitario(DIH), violaciones graves a los Derechos Humanos y violencia pol\u00edtica sin datos de perpetradores. La m\u00e1s reciente actualizaci\u00f3n se hizo a finales de 2016 y consisti\u00f3 b\u00e1sicamente en una reinterpretaci\u00f3n de la lectura de las categor\u00edas del DIH al Derecho Internacional Consuetudinario.<\/p>\n<p><a href=\"wp-content\/uploads\/u1\/comun\/marcoteorico.pdf\"><br \/>\n<img loading=\"lazy\" decoding=\"async\" class=\"size-full wp-image-443 alignleft\" src=\"wp-content\/uploads\/u1\/comun\/marcot.jpg\" alt=\"\" width=\"98\" height=\"127\" \/><\/a> <strong>Marco conceptual, versi\u00f3n 2017<\/strong><br \/>\nRed Nacional de Bancos de Datos de Derechos Humanos y Violencia Pol\u00edtica<br \/>\nPeriodo: <strong>Se empieza a aplicara partir del No 55 de la Revista Noche y Niebla<\/strong><br \/>\nContinuar leyendo [<a href=\"wp-content\/uploads\/u1\/comun\/marcoteorico.pdf\">PDF<\/a>]<\/p>\n<hr \/>\n<p>&nbsp;<\/p>\n<p><a href=\"wp-content\/uploads\/u1\/comun\/conflictoyDIH.pdf\"><br \/>\n<img loading=\"lazy\" decoding=\"async\" class=\"size-full wp-image-443 alignleft\" src=\"wp-content\/uploads\/u1\/comun\/CONFLICTOYDIH.png\" alt=\"\" width=\"98\" height=\"127\" \/><\/a> <strong>Conflicto y Derecho Internacional Humanitario<br \/>\nen Colombia (2009)<\/strong><br \/>\nExposici\u00f3n en el Seminario Internacional sobre Colombia, Conflicto y Derecho<br \/>\nInternacional Humanitario, realizado en la Universidad Carlos III de Madrid,<br \/>\nEspa\u00f1a, del 25 al 27 de marzo de 2009<br \/>\nContinuar leyendo [<a href=\"wp-content\/uploads\/u1\/comun\/conflictoyDIH.pdf\">PDF<\/a>]<\/p>\n<hr \/>\n<p>&nbsp;<\/p>\n<p><a href=\"wp-content\/uploads\/u1\/comun\/marcoteorico_hasta2016.pdf\"><br \/>\n<img loading=\"lazy\" decoding=\"async\" class=\"size-full wp-image-443 alignleft\" src=\"wp-content\/uploads\/u1\/comun\/marcot2.jpg\" alt=\"\" width=\"98\" height=\"127\" \/><\/a> <strong>Marco conceptual, versi\u00f3n 2008<\/strong><br \/>\nBancos de Datos de Derechos Humanos y Violencia Pol\u00edtica del Cinep\/PPP<br \/>\nPeriodo: <strong>Se aplic\u00f3 hasta el No 54 de la Revista Noche y Niebla<\/strong><br \/>\nContinuar leyendo [<a href=\"wp-content\/uploads\/u1\/comun\/marcoteorico_hasta2016.pdf\">PDF<\/a>]<\/p>\n<hr \/>\n<p>&nbsp;<\/p>\n<p><a href=\"wp-content\/uploads\/u1\/comun\/marcoteorico_v1.pdf\"><br \/>\n<img loading=\"lazy\" decoding=\"async\" class=\"size-full wp-image-443 alignleft\" src=\"wp-content\/uploads\/u1\/comun\/mt02.png\" alt=\"\" width=\"98\" height=\"127\" \/><\/a> <strong>Marco conceptual, versi\u00f3n 2002<\/strong><br \/>\nBancos de Datos de Derechos Humanos y Violencia Pol\u00edtica del Cinep &amp; Justicia y Paz<br \/>\nPeriodo: <strong>Se aplic\u00f3 hasta el No 38 de la Revista Noche y Niebla<\/strong><br \/>\nContinuar leyendo [<a href=\"wp-content\/uploads\/u1\/comun\/marcoteorico_v1.pdf\">PDF<\/a>]<\/p>\n<hr \/>\n","protected":false},"excerpt":{"rendered":"<p>El Banco de Datos de Derechos Humanos y Violencia Pol\u00edtica ha adaptado sus marcos te\u00f3ricos y conceptuales de acuerdo a las din\u00e1micas del conflicto armado, infracciones al Derecho Internacional Humanitario(DIH), violaciones graves a los Derechos Humanos y violencia pol\u00edtica sin datos de perpetradores. La m\u00e1s reciente actualizaci\u00f3n se hizo a finales de 2016 y consisti\u00f3 [&hellip;]<\/p>\n","protected":false},"author":2,"featured_media":0,"parent":0,"menu_order":0,"comment_status":"closed","ping_status":"closed","template":"","meta":{"_exactmetrics_skip_tracking":false,"_exactmetrics_sitenote_active":false,"_exactmetrics_sitenote_note":"","_exactmetrics_sitenote_category":0,"footnotes":""},"class_list":["post-621","page","type-page","status-publish","hentry"],"_links":{"self":[{"href":"https:\/\/www.nocheyniebla.org\/index.php?rest_route=\/wp\/v2\/pages\/621","targetHints":{"allow":["GET"]}}],"collection":[{"href":"https:\/\/www.nocheyniebla.org\/index.php?rest_route=\/wp\/v2\/pages"}],"about":[{"href":"https:\/\/www.nocheyniebla.org\/index.php?rest_route=\/wp\/v2\/types\/page"}],"author":[{"embeddable":true,"href":"https:\/\/www.nocheyniebla.org\/index.php?rest_route=\/wp\/v2\/users\/2"}],"replies":[{"embeddable":true,"href":"https:\/\/www.nocheyniebla.org\/index.php?rest_route=%2Fwp%2Fv2%2Fcomments&post=621"}],"version-history":[{"count":22,"href":"https:\/\/www.nocheyniebla.org\/index.php?rest_route=\/wp\/v2\/pages\/621\/revisions"}],"predecessor-version":[{"id":1396,"href":"https:\/\/www.nocheyniebla.org\/index.php?rest_route=\/wp\/v2\/pages\/621\/revisions\/1396"}],"wp:attachment":[{"href":"https:\/\/www.nocheyniebla.org\/index.php?rest_route=%2Fwp%2Fv2%2Fmedia&parent=621"}],"curies":[{"name":"wp","href":"https:\/\/api.w.org\/{rel}","templated":true}]}}